se 2?
-110110010111000011101
What is 22331321 (base 4) in base 10?
44921
-5113500 (base 6) to base 4
-323113230
Convert -a0074 (base 11) to base 4.
-203300323
What is -1bfb4b (base 16) in base 8?
-6775513
-111100022020122 (base 3) to base 12
-246012b
Convert -1344044302 (base 5) to base 12.
-120b2b1
What is c8aa52 (base 13) in base 8?
21752623
-5113660 (base 7) to base 9
-1127124
Convert -6b14b (base 12) to base 7.
-1135511
Convert -46719 (base 13) to base 15.
-281a6
What is -1357 (base 9) in base 13?
-60a
6a095 (base 11) to base 16
18b8c
Convert 3331443343 (base 5) to base 13.
16862b5
6121487 (base 9) to base 6
153525341
Convert 100000101000010001101 (base 2) to base 6.
34525553
Convert 916185 (base 11) to base 14.
2a47a4
What is -13211113312 (base 4) in base 13?
-547ba9
Convert -41c818 (base 13) to base 15.
-206aea
Convert -104421021 (base 6) to base 11.
-1088693
Convert -11134223 (base 5) to base 13.
-36286
Convert 1494739 (base 12) to base 13.
b32962
-10011021102102 (base 3) to base 4
-12121302002
-8706 (base 12) to base 5
-433323
What is 11463110 (base 9) in base 6?
315510013
Convert -1032040140 (base 5) to base 16.
-21e4ef
What is -11331022222 (base 4) in base 3?
-2221022122101
2b72ac (base 13) to base 6
34553452
Convert -2813755 (base 11) to base 13.
-100b074
Convert -230201310 (base 4) to base 15.
-39093
What is 13445241 (base 6) in base 12?
1a0821
-4245533 (base 6) to base 10
-208641
Convert -1036181 (base 11) to base 14.
-35686c
What is -10cc4d (base 14) in base 9?
-1063218
Convert -1030365 (base 7) to base 16.
-1e876
-202112112202 (base 3) to base 12
-175b48
Convert -2730378 (base 10) to base 13.
-747a11
Convert 18b09ab (base 12) to base 4.
103313002103
Convert 10330125 (base 7) to base 6.
30515443
What is 21320103 (base 4) in base 7?
225660
308dd (base 15) to base 11
a5684
337276 (base 10) to base 7
2603212
Convert bc089 (base 16) to base 3.
1110010111101
What is -7581955 (base 10) in base 6?
-430301351
What is -b36f00 (base 16) in base 7?
-201644564
-50422244 (base 6) to base 11
-89a353
-3522525 (base 11) to base 13
-1375554
-34125141 (base 6) to base 15
-157811
-2235421 (base 7) to base 6
-5543121
-4a418 (base 11) to base 8
-215271
14bd843 (base 14) to base 16
9abc23
Convert f6bc1 (base 16) to base 5.
224320000
-4875c0 (base 16) to base 9
-8837033
Convert 101034321 (base 5) to base 8.
1436207
-440129 (base 14) to base 15
-308048
Convert 125a628 (base 11) to base 2.
1000010100011101000110
-1fd1f7 (base 16) to base 11
-11a4849
15715741 (base 9) to base 7
123563032
What is -1177217 (base 9) in base 7?
-5311561
What is -21413c (base 16) in base 5?
-1024220023
4e1dc (base 15) to base 5
31001212
What is 212135 (base 8) in base 13?
26283
Convert -30d61c (base 14) to base 10.
-1650346
Convert -12200584 (base 9) to base 12.
-1bb777a
1227047 (base 9) to base 11
416808
Convert -26545340 (base 7) to base 14.
-47a457
186842 (base 9) to base 5
12212342
-21101212 (base 3) to base 5
-133041
Convert -200221010022102 (base 3) to base 16.
-99828b
What is 15707373 (base 8) in base 15?
4bdc8d
553042344 (base 6) to base 12
33b63b4
What is 81098 (base 15) in base 11?
259a20
2746b0b (base 12) to base 8
35623273
30b9b (base 14) to base 3
12222020101
What is -116341 (base 11) in base 5?
-21342321
101011101001100011 (base 2) to base 15
37e92
Convert -7d3d9 (base 14) to base 11.
-199473
What is -1000000102201 (base 3) in base 9?
-1000381
-12130300022 (base 4) to base 7
-20240651
104410243 (base 5) to base 14
c1d2b
What is 1343a8c (base 14) in base 10?
9306988
-4447b (base 12) to base 13
-32288
What is 12268365 (base 9) in base 7?
102036155
-72a761 (base 11) to base 3
-2012111010022
-107405 (base 8) to base 3
-1212020001
-101020202020 (base 3) to base 16
-31416
418692 (base 11) to base 8
2435160
-11a30d (base 14) to base 11
-383007
126234 (base 11) to base 7
1455001
-518b3b (base 13) to base 10
-1904511
What is 34563362 (base 7) in base 6?
145102102
What is 52573 (base 12) in base 11?
74110
1580068 (base 10) to base 15
21327d
-110000101110101010 (base 2) to base 3
-101010210101
What is -849a99 (base 14) in base 13?
-c0c6ba
10108807 (base 9) to base 4
102133231321
What is 598718 (base 10) in base 2?
10010010001010111110
What is -1a5251 (base 12) in base 15?
-92c71
What is 212202102222 (base 3) in base 9?
782388
What is -17c07d (base 14) in base 13?
-235311
Convert 4875aa (base 12) to base 8.
4365222
What is -22112000002010 (base 3) in base 16?
-45142b
Convert -3251c (base 15) to base 5.
-20103102
Convert -3732677 (base 8) to base 16.
-fb5bf
Convert -323239 (base 12) to base 8.
-3015615
What is -204462 (base 8) in base 7?
-401634
1441756 (base 12) to base 9
7577853
What is 6759130 (base 10) in base 12?
231b64a
What is 2112102202121 (base 3) in base 15?
1b91b4
-1240360 (base 7) to base 14
-429a0
Convert -3312441 (base 6) to base 2.
-101000010101001001
What is -1110002222 (base 3) in base 12?
-145bb
Convert 110000011010101110001111 (base 2) to base 8.
60325617
Convert -246341660 (base 7) to base 9.
-32301865
Convert -432311302 (base 5) to base 15.
-264a52
What is -475637 (base 9) in base 11?
-186102
What is 114423033 (base 5) in base 10?
545393
Convert -9455 (base 10) to base 15.
-2c05
What is 34bba0 (base 14) in base 11?
101a095
Convert -1000011110101110110110 (base 2) to base 13.
-5cab04
What is 32311133 (base 4) in base 7?
342110
What is 1206207 (base 8) in base 12?
13b59b
What is -30059 (base 13) in base 11?
-59481
-2714c1 (base 15) to base 12
-766691
What is -1012231223 (base 4) in base 14?
-777ab
1521303 (base 7) to base 15
414d9
-145417 (base 9) to base 13
-31837
-11036b (base 12) to base 4
-1001330003
What is 29aa2 (base 11) in base 15?
c93d
Convert 100101011101011000 (base 2) to base 10.
153432
Convert -2269a (base 12) to base 11.
-31547
-7b32d (base 15) to base 5
-100022333
What is -12101100002 (base 3) in base 7?
-620615
Convert -3432212031 (base 5) to base 8.
-35264461
What is -763396 (base 14) in base 12?
-1411308
Convert -31ac3 (base 15) to base 12.
-77303
What is -101001100000010011000000 (base 2) in base 9?
-22422732
-1010111110000000010110 (base 2) to base 13
-798a39
Convert -10101001100111111001 (base 2) to base 3.
-1022022001111
What is 43688 (base 14) in base 13?
59383
-405918 (base 10) to base 13
-1129b6
-4411230 (base 5) to base 4
-102200213
What is 231386 (base 10) in base 13?
8141c
Convert 289801 (base 10) to base 16.
46c09
What is -2f4ab (base 16) in base 12?
-94123
-20050 (base 15) to base 2
-11000101111001101
1001010011111101101110 (base 2) to base 8
11237556
1350051 (base 8) to base 10
380969
Convert -210244414 (base 6) to base 12.
-128670a
11427704 (base 8) to base 4
21202333010
Convert 169786a (base 11) to base 7.
33323331
What is -35113243 (base 7) in base 13?
-83a748
What is d433 (base 16) in base 14?
15b23
59293 (base 10) to base 5
3344133
1011220202102010 (base 3) to base 9
34822363
7900a3 (base 11) to base 14
24ac99
Convert -10770000 (base 8) to base 3.
-11102122201122
Convert -418f31 (base 16) to base 15.
-59d082
Convert db14c9 (base 14) to base 3.
111221212120111
What is -2014410 (base 5) in base 11?
-22448
Convert 801208 (base 9) to base 6.
14051055
What is 917933 (base 13) in base 5?
1331342030
-5114257 (base 10) to base 5
-2302124012
230539 (base 10) to base 4
320102023
Convert -222e63 (base 15) to base 7.
-16566111
Convert -2000311220 (base 4) to base 14.
-da464
What is 7bd72 (base 16) in base 2?
1111011110101110010
-12010 (base 6) to base 12
-1006
-3808264 (base 9) to base 15
-2ae247
Convert 2044012233 (base 5) to base 16.
415751
Convert -123030 (base 9) to base 15.
-17090
-3bacc (base 13) to base 8
-332134
What is 5c0964 (base 16) in base 3?
102100102221220
Convert 312104012 (base 5) to base 13.
35cab1
What is -45252a (base 12) in base 7?
-12243244
1b615 (base 12) to base 4
21322301
What is -200212010001100 (base 3) in base 10?
-10020870
-1230011203 (base 4) to base 12
-194257
Convert -113301113332 (base 4) to base 11.
-3576946
65ca3 (base 13) to base 6
3542120
What is 1000210112101 (base 3) in base 10?
547138
What is -1f562 (base 16) in base 2?
-11111010101100010
What is -2b204 (base 12) in base 16?
-ed64
60124 (base 7) to base 4
3202021
Convert -14d9039 (base 14) to base 10.
-10204987
What is -2050523 (base 6) in